st common divisor of 1488 and 2530716.
372
Calculate the highest common divisor of 2709 and 30573.
387
What is the highest common factor of 88 and 27269?
11
What is the highest common divisor of 786600 and 150?
150
What is the greatest common factor of 2 and 94642?
2
Calculate the highest common divisor of 3625 and 156020.
145
Calculate the greatest common factor of 211104 and 576.
288
What is the greatest common factor of 422 and 411239?
211
Calculate the greatest common divisor of 921651 and 142.
71
What is the highest common factor of 38 and 30871618?
38
Calculate the greatest common divisor of 624 and 154224.
48
What is the highest common factor of 10166 and 1978?
46
Calculate the highest common divisor of 6363 and 72.
9
Calculate the greatest common factor of 2090 and 608.
38
Calculate the highest common factor of 147255 and 105.
15
What is the highest common divisor of 15978 and 2418?
6
Calculate the highest common factor of 42 and 29202.
6
Calculate the highest common factor of 1688 and 213110.
422
What is the highest common divisor of 102 and 124559?
17
What is the greatest common factor of 633101 and 447?
149
Calculate the greatest common divisor of 5817 and 30193.
277
Calculate the highest common factor of 28 and 468797.
7
What is the highest common factor of 2280431 and 901?
901
What is the highest common factor of 116 and 10048?
4
Calculate the highest common factor of 19380 and 74715.
255
What is the greatest common divisor of 14172 and 21?
3
What is the greatest common factor of 4563 and 7317?
27
Calculate the greatest common divisor of 512 and 20384.
32
What is the greatest common factor of 30384 and 1008?
144
What is the highest common divisor of 48 and 254392?
8
What is the greatest common divisor of 185 and 11290?
5
Calculate the highest common factor of 148 and 40182.
74
Calculate the greatest common factor of 12508 and 2.
2
What is the highest common divisor of 286230 and 336?
42
Calculate the highest common factor of 486558 and 2.
2
Calculate the highest common divisor of 63 and 2851119.
9
Calculate the highest common divisor of 533 and 903517.
41
Calculate the highest common factor of 873483 and 195.
39
What is the greatest common divisor of 14579 and 671?
61
Calculate the greatest common factor of 22 and 3336.
2
Calculate the greatest common divisor of 60 and 6540780.
60
What is the greatest common factor of 7811 and 57031?
107
What is the greatest common factor of 990 and 431343?
99
Calculate the highest common divisor of 28602 and 1816.
454
What is the greatest common divisor of 192 and 19032?
24
Calculate the highest common factor of 5675 and 4086.
227
Calculate the greatest common divisor of 322 and 475433.
161
What is the greatest common divisor of 595 and 33575?
85
Calculate the greatest common divisor of 171490 and 110.
110
Calculate the highest common divisor of 510 and 3583770.
510
What is the greatest common divisor of 3651460 and 2460?
820
Calculate the highest common factor of 10 and 39640.
10
What is the greatest common divisor of 620 and 16260?
20
Calculate the highest common factor of 7427 and 7.
7
Calculate the greatest common divisor of 57381 and 7719.
93
Calculate the highest common factor of 2358797 and 6657.
2219
What is the highest common divisor of 97060 and 851?
23
What is the greatest common factor of 120 and 218904?
24
Calculate the highest common factor of 187 and 13226.
17
Calculate the highest common factor of 12360 and 16800.
120
Calculate the highest common divisor of 959413 and 8921.
811
What is the highest common divisor of 58354 and 61397?
179
Calculate the greatest common factor of 852 and 3912.
12
What is the greatest common divisor of 16074 and 51606?
846
Calculate the highest common factor of 107428 and 1284.
428
What is the highest common divisor of 15300 and 1800?
900
Calculate the greatest common factor of 70 and 12590.
10
What is the greatest common divisor of 1904 and 130288?
272
What is the highest common divisor of 900 and 526950?
450
Calculate the greatest common divisor of 1566 and 162.
54
What is the greatest common divisor of 216 and 8?
8
What is the greatest common factor of 1169623 and 1001?
91
Calculate the highest common divisor of 513186 and 12.
6
What is the highest common factor of 7752 and 13224?
456
Calculate the highest common divisor of 1043523 and 234.
117
What is the greatest common divisor of 58 and 38889?
29
Calculate the highest common factor of 8436 and 44232.
228
Calculate the greatest common factor of 100 and 232450.
50
What is the highest common divisor of 2397 and 9435?
51
What is the greatest common factor of 504 and 46536?
168
What is the highest common factor of 62 and 55831?
31
Calculate the greatest common divisor of 7748 and 364.
52
Calculate the greatest common factor of 7170802 and 23.
23
Calculate the greatest common divisor of 1334 and 42050.
58
What is the greatest common factor of 174504 and 120?
24
Calculate the greatest common factor of 391 and 11270.
23
Calculate the highest common factor of 5549 and 496.
31
What is the greatest common divisor of 533 and 13078?
13
Calculate the greatest common factor of 4576 and 447568.
176
Calculate the greatest common factor of 604951 and 219.
73
Calculate the greatest common divisor of 3132 and 101529.
261
What is the highest common divisor of 11128 and 208?
104
What is the highest common factor of 213111 and 99?
9
What is the highest common factor of 1376 and 559?
43
Calculate the highest common factor of 29690 and 130.
10
What is the highest common divisor of 2950 and 2773?
59
Calculate the greatest common divisor of 752 and 366929.
47
What is the greatest common factor of 160 and 28040?
40
What is the highest common factor of 9805 and 3737?
37
What is the highest common factor of 15 and 69485?
5
What is the highest common factor of 292 and 270757?
73
Calculate the highest common factor of 378005 and 95.
95
Calculate the greatest common factor of 7367 and 19769.
53
Calculate the highest common divisor of 2975 and 48025.
425
Calculate the greatest common factor of 36 and 16728.
12
Calculate the highest common divisor of 4977000 and 790.
790
Calculate the highest common divisor of 138720 and 24.
24
What is the greatest common factor of 740 and 4144?
148
Calculate the greatest common divisor of 13 and 11453.
13
What is the greatest common factor of 8799641 and 19?
19
Calculate the greatest common divisor of 7749 and 99302.
287
Calculate the greatest common divisor of 190739 and 46.
23
Calculate the greatest common divisor of 520 and 1214590.
130
What is the greatest common factor of 198 and 7821?
99
Calculate the greatest common factor of 2324 and 3984.
332
What is the highest common divisor of 1485 and 8481?
33
What is the greatest common divisor of 10153 and 325?
13
What is the highest common factor of 1043 and 35287?
7
Calculate the greatest common factor of 35586 and 9.
9
Calculate the greatest common factor of 812624 and 32.
16
Calculate the highest common divisor of 44998 and 10.
2
What is the highest common divisor of 19028 and 134?
134
Calculate the greatest common divisor of 992 and 155248.
496
Calculate the greatest common factor of 59015 and 348.
29
What is the greatest common factor of 2 and 336554?
2
What is the greatest common divisor of 832 and 238264?
104
Calculate the highest common divisor of 88077 and 330.
33
What is the greatest common divisor of 3 and 36943?
1
Calculate the highest common divisor of 13365 and 8262.
243
What is the greatest common divisor of 926517 and 58497?
1887
What is the highest common divisor of 24288 and 396?
132
What is the greatest common factor of 2560 and 7480?
40
What is the highest common divisor of 1355 and 946603?
271
What is the greatest common divisor of 390 and 73905?
195
Calculate the highest common divisor of 60979 and 3165.
211
What is the greatest common divisor of 416211 and 51?
51
What is the greatest common divisor of 1128 and 102178?
94
What is the highest common factor of 920 and 333020?
20
Calculate the highest common divisor of 102454 and 33.
11
Calculate the greatest common factor of 34 and 1037.
17
Calculate the greatest common factor of 24 and 354.
6
What is the greatest common divisor of 105 and 5295?
15
What is the highest commo